nder when z is divided by 13.
7
Suppose 3*d - 7*k - 27 = -2*k, -d + 16 = -4*k. Suppose d*c - 146 = 34. Suppose -3*x + x = -j - c, 6 = -2*j. What is the remainder when 62 is divided by x?
20
Let p = -613 - -674. Calculate the remainder when 301 is divided by p.
57
Let s(n) = n**3 + 2*n**2 + n + 78. What is the remainder when s(0) is divided by 12?
6
Let z be 273/(-7)*(-5 - -1). Suppose -p + 42 = -3*s, -5*p + s + z = 4*s. What is the remainder when 18 is divided by 385/p + 2/(-3)?
7
What is the remainder when 83 is divided by 6/(144/1002) + 1/4?
41
Let i = 0 - -1. Let p(h) = -h**2 - 1 + 8*h + 5 + i + 2. Calculate the remainder when p(8) is divided by 5.
2
Let u = 20 + -15. Suppose -n = -2*h - 11, -n = -u*n + 5*h + 32. Let y = -21 + 33. Calculate the remainder when y is divided by n.
0
Let q be (-5)/(120/(-6)) + (-158)/(-8). Suppose -120 = -q*t + 15*t. Calculate the remainder when t is divided by 9.
6
Suppose 5*m = -3*x - 2 + 23, 4*m = -2*x + 16. Suppose 2*p - b + 6*b - 3 = 0, -36 = -m*p + 3*b. Calculate the remainder when ((-2)/4)/(1/(-32)) is divided by p.
7
Let o = 35 - 34. Let m(y) = 24*y**2 + 3*y - 1. What is the remainder when m(o) is divided by 14?
12
Let j(q) = -q - 1. Let x be j(-4). Suppose 107 + 259 = x*d. Calculate the remainder when d is divided by 31.
29
Let a = -82 - -107. Calculate the remainder when a is divided by 3.
1
Let k be (3 - 10/4)*6. Suppose -4*h = k*h - 189. Calculate the remainder when 37 is divided by (52/6)/(18/h).
11
Let o = 71 + -33. Let w(q) = -q**2 + 12*q + 209. Calculate the remainder when o is divided by w(21).
18
Let s(x) = 9*x - 1. What is the remainder when s(12) is divided by 10?
7
Let t = 122 + -86. What is the remainder when 8/36 - (-424)/t is divided by 7?
5
Suppose 8*l - 70 = 170. What is the remainder when l is divided by 21?
9
Suppose -4*y - 10 = -3*y + t, 5*y + t + 34 = 0. What is the remainder when 62 is divided by (-5)/(-1) + (-72)/y?
11
Let y = -1125 + 1695. Calculate the remainder when y is divided by 14.
10
Let c be (-8 - -3)*(-16)/20. Let j = 25 + c. What is the remainder when j is divided by 15?
14
Suppose 3*p = 3*t - 3 + 6, 3*t + p = 17. What is the remainder when 16 is divided by t?
0
Let l(m) = 24*m - 646. Calculate the remainder when l(35) is divided by 99.
95
What is the remainder when (6/(-4))/(-2*(-8)/(-512)) is divided by 2/(-5) + 37/5?
6
Suppose 3*l - 4*w - w - 1150 = 0, -2*l + 3*w + 768 = 0. Calculate the remainder when l is divided by 23.
22
Let l = -1265 - -1287. What is the remainder when l is divided by 3?
1
Let t = 30 + -5. What is the remainder when t is divided by 6?
1
Let u(x) = 17*x**2 - 1. What is the remainder when 82 + (-4)/(12/15) + -5 is divided by u(-1)?
8
Let k = 76 - 26. Suppose -2*r = -0*r - 192. What is the remainder when r is divided by k*(36/8 + -4)?
21
Let w = 6148 + -6127. Let b = 19 - 9. Let t = 21 - b. Calculate the remainder when w is divided by t.
10
Suppose 0 = 8*l - 7*l - 9. Calculate the remainder when 127 is divided by 2/(-6)*-9*96/l.
31
Let p(q) = 4*q**2 - 141*q + 1214. What is the remainder when p(9) is divided by 92?
85
Let u(w) = w**3 + 9*w**2 + w + 13. Let b be u(-9). Suppose 72 = 3*d - 3*c, 8*d - 5*d + b*c = 100. Calculate the remainder when d is divided by 6.
4
Let t(o) = -2*o - 2. Suppose -r + 2 + 0 = 0. Let u be -7 - (-3 + r + -2). Calculate the remainder when 11 is divided by t(u).
5
Suppose 2*l = 313 + 109. What is the remainder when 227 is divided by l?
16
Let c = 12 + -75. Calculate the remainder when (-9)/(c/(-14)) - (-117)/1 is divided by 29.
28
Let y be (-9 - -8)*(-1 + 3). Let k be (3 + y - 0) + -13. Calculate the remainder when (-1)/(-6) + (-430)/k is divided by 13.
10
Suppose -111 = -40*h + 37*h. What is the remainder when 73 is divided by h?
36
Suppose -2*i = -i - 3. Let k = 13 - 7. Suppose 4*t + 4*r = 2*t + 36, 4*r = t + k. What is the remainder when t is divided by i?
1
Let s be 2*(-12)/8 + 7. Suppose 20 = s*z - 4*y, 2*y - 29 = -5*z + 3*y. What is the remainder when 22 is divided by z?
4
Let s = -40 + 40. Suppose s = -15*r + 9*r + 54. Calculate the remainder when 17 is divided by r.
8
Let r = -5390 - -5407. Suppose 0 = y - 4*y - 3*m + 24, -5*m - 4 = y. What is the remainder when r is divided by y?
6
Suppose 3 = 4*h - 3*h + 4*b, 5*h - 5*b = 15. Let v(n) = 1 + 3*n + 3*n - 4 - 2. Calculate the remainder when v(h) is divided by 5.
3
Let i(p) = -p**3 + 5*p**2 + p + 17. Suppose 7 = -3*s + 25. Calculate the remainder when i(5) is divided by s.
4
Let f be (2/12 + 13/(-78))/1. Let t(r) = 4*r**2 - 8. Let n(p) = 3*p**2 - 8. Let w(a) = -5*n(a) + 4*t(a). Calculate the remainder when 30 is divided by w(f).
6
Let x = -5 - -5. Suppose -5*q + 1 + 4 = x. Let t = 8 - 7. What is the remainder when q is divided by t?
0
Let u = 18 + -13. Let q = -3 - u. Let p = 10 + q. What is the remainder when 3 is divided by p?
1
Calculate the remainder when ((-7)/(-2) - 3)*2 + 408 is divided by 41.
40
Let x = -11 + 14. Suppose 5*n + 5*u = 7*n - 33, 3*n - 39 = -x*u. What is the remainder when 40 is divided by n?
12
Suppose 36 = 406*l - 404*l. What is the remainder when 46 is divided by l?
10
Let u(x) = 9*x - 55. Suppose -5*k + 4*h - 2*h + 37 = 0, 5*h = k + 11. Calculate the remainder when u(k) is divided by 14.
12
Let c(p) = -p**2 - 18*p - 36. Suppose -39 = -16*l + 19*l. Calculate the remainder when 95 is divided by c(l).
8
Suppose 0 = -13*l + 17*l - 4468. What is the remainder when l is divided by 112?
109
What is the remainder when 1/((-1)/(-4)) + 32940/270 is divided by 43?
40
Let p(l) = 49*l**3 - 5*l**2 + 2*l + 1. Calculate the remainder when p(2) is divided by 55.
47
Let q(x) = 19*x**3 + x**2 - x - 1. Let y be q(-1). Let l = -10 - y. Calculate the remainder when 22 is divided by l.
6
Let y = 405 - 285. What is the remainder when y is divided by 25?
20
Let y(h) = 14*h**3 - 5*h - 5. Let q be y(-5). Let f be q/(-8) + (-2)/8. Suppose -f = -0*r - 4*r. Calculate the remainder when r is divided by 19.
16
Suppose 0 = -7*w + 277 - 39. Let y = w - 21. Suppose -26 = -5*s - 1. What is the remainder when y is divided by s?
3
Let z = 533 - 438. Let l(k) = 3*k**2 - 2*k - 1. Suppose 3*d + 3 = -5*h, 3*h + 6 = -d + 1. Calculate the remainder when z is divided by l(h).
31
Suppose k = -3*k - 4*m + 20, -m - 31 = -5*k. Let y(w) = 2*w - 9. Let l be y(k). Suppose l*j = 18 + 3. Calculate the remainder when 13 is divided by j.
6
What is the remainder when -3 - (0 + -1516)/4 is divided by 97?
85
What is the remainder when -5*2*(-91)/35 is divided by 4?
2
Let n(d) = d**3 + 4*d**2 + 2*d + 1. Let l be n(-3). Suppose i - g = 19, l*i - g + 0*g = 85. Calculate the remainder when i is divided by 12.
10
Let j = 108 + -95. What is the remainder when 128 is divided by j?
11
Let k(w) = w**3 - 21*w**2 + 3*w - 44. Suppose -o - o + 110 = 0. What is the remainder when o is divided by k(21)?
17
Suppose -2*s + s + 227 = -2*o, 0 = 5*o + s + 571. Suppose -x = -b + 24, 0*x + 25 = 5*x. Calculate the remainder when b is divided by o/22 - -5 - (-600)/33.
11
Suppose 0 = -j - 2*r + 9, -5*j + 87 = -r - 3*r. Suppose h + 2*v + 1 - 7 = 0, h + 29 = 5*v. What is the remainder when j is divided by (h/(-4))/((-2)/(-8))?
3
Let n(o) = -o**3 - 6*o**2 - o + 2. Suppose 165*m = 161*m + 184. What is the remainder when m is divided by n(-6)?
6
Suppose -5*t + 4*s + 37 = -87, -2*t - 4*s = -44. Suppose -2*i - 2*d = -7*d + 5, -6 = -2*d. What is the remainder when t is divided by i?
4
Suppose -z + 13 = -0. Let g = -1 + z. Suppose 10*a + 6*a = 352. What is the remainder when a is divided by g?
10
Calculate the remainder when (-264)/968 - 1213/(-11) is divided by 39.
32
Let n(t) = t**3 - 8*t**2 - 3*t + 18. Calculate the remainder when n(9) is divided by 19.
15
Suppose -3*n = -8 - 1. Suppose -n = -t + 10. What is the remainder when 87 is divided by t?
9
Calculate the remainder when 117 is divided by (38/(-8))/(56/(-448)).
3
Suppose 1008 = h + 8*h. What is the remainder when 83 is divided by h/5 - 2/5?
17
Suppose 7*y = 10*y + 156. Let f = -38 - y. Suppose -p + 125 = 2*p - 4*j, -4*p + 160 = -2*j. What is the remainder when p is divided by f?
11
Suppose 68*v = 54*v + 308. Calculate the remainder when 53 is divided by v.
9
Let t = 2707 + -2688. Calculate the remainder when 98 is divided by t.
3
Let o(j) = j**3 + 20*j**2 - j - 12. Let x(